{"id":4191,"date":"2021-09-17T11:15:39","date_gmt":"2021-09-17T11:15:39","guid":{"rendered":"https:\/\/markos.rs\/?post_type=product&#038;p=4191"},"modified":"2021-09-17T11:15:40","modified_gmt":"2021-09-17T11:15:40","slug":"kaciga-ls2-mx470-subverter-gammax-zuto-zelena","status":"publish","type":"product","link":"https:\/\/markos.rs\/index.php\/product\/kaciga-ls2-mx470-subverter-gammax-zuto-zelena\/","title":{"rendered":"Kaciga LS2 MX470 Subverter Gammax \u017euto-zelena"},"content":{"rendered":"","protected":false},"excerpt":{"rendered":"<p>LS2 Subverter bez ikakve sumnje spada u jednu od najudobnijih i najlak\u0161ih motokros kaciga na tr\u017ei\u0161tu. Veliki sistemi za ventilaciju i specijalno dizajnirana hiperalergenska unutra\u0161njos, u\u010dini\u0107e va\u0161u vo\u017enju pravim u\u017eivanjem i to bez kompromisa sa sigurno\u0161\u0107u i kvalitetom.<\/p>\n","protected":false},"featured_media":4193,"template":"","meta":{"slim_seo":[]},"pwb-brand":[],"product_brand":[],"product_cat":[332],"product_tag":[],"class_list":{"0":"post-4191","1":"product","2":"type-product","3":"status-publish","4":"has-post-thumbnail","6":"product_cat-off-road-kacige","7":"pa_dodaci-hitno-otpustanje","8":"pa_dodaci-stit-vrat","9":"pa_kopca-dupla-d","10":"pa_mat-kpa","11":"pa_unutra-antibakterijska","12":"pa_unutra-hiperalergenska","13":"pa_unutra-vadiva","14":"pa_vel-xxl","16":"first","17":"instock","18":"shipping-taxable","19":"purchasable","20":"product-type-simple"},"brands":[],"_links":{"self":[{"href":"https:\/\/markos.rs\/index.php\/wp-json\/wp\/v2\/product\/4191","targetHints":{"allow":["GET"]}}],"collection":[{"href":"https:\/\/markos.rs\/index.php\/wp-json\/wp\/v2\/product"}],"about":[{"href":"https:\/\/markos.rs\/index.php\/wp-json\/wp\/v2\/types\/product"}],"wp:featuredmedia":[{"embeddable":true,"href":"https:\/\/markos.rs\/index.php\/wp-json\/wp\/v2\/media\/4193"}],"wp:attachment":[{"href":"https:\/\/markos.rs\/index.php\/wp-json\/wp\/v2\/media?parent=4191"}],"wp:term":[{"taxonomy":"pwb-brand","embeddable":true,"href":"https:\/\/markos.rs\/index.php\/wp-json\/wp\/v2\/pwb-brand?post=4191"},{"taxonomy":"product_brand","embeddable":true,"href":"https:\/\/markos.rs\/index.php\/wp-json\/wp\/v2\/product_brand?post=4191"},{"taxonomy":"product_cat","embeddable":true,"href":"https:\/\/markos.rs\/index.php\/wp-json\/wp\/v2\/product_cat?post=4191"},{"taxonomy":"product_tag","embeddable":true,"href":"https:\/\/markos.rs\/index.php\/wp-json\/wp\/v2\/product_tag?post=4191"}],"curies":[{"name":"wp","href":"https:\/\/api.w.org\/{rel}","templated":true}]}}