{"id":4221,"date":"2021-10-22T10:00:03","date_gmt":"2021-10-22T10:00:03","guid":{"rendered":"https:\/\/markos.rs\/?post_type=product&#038;p=4221"},"modified":"2021-10-22T10:00:04","modified_gmt":"2021-10-22T10:00:04","slug":"kaciga-ls2-mx701-explorer-alter-crno-bela-mat","status":"publish","type":"product","link":"https:\/\/markos.rs\/index.php\/product\/kaciga-ls2-mx701-explorer-alter-crno-bela-mat\/","title":{"rendered":"Kaciga LS2 MX701 Explorer Alter crno-bela mat"},"content":{"rendered":"","protected":false},"excerpt":{"rendered":"<p>LS2 Explorer je jedna od onih kaciga koja mo\u017ee skoro sve. Dizajnirana da upotpuni zahteve \u010dak i najzahtevnijih adventure i touring voza\u010da, Explorer je savr\u0161en izbor.<\/p>\n<p>Inovativni materijali izrade, visok kvalitet i puno opreme, \u010dine ovu kacigu jednom od najboljih u svojoj kategoriji.<\/p>\n","protected":false},"featured_media":4222,"template":"","meta":{"slim_seo":[]},"pwb-brand":[],"product_brand":[],"product_cat":[332],"product_tag":[],"class_list":{"0":"post-4221","1":"product","2":"type-product","3":"status-publish","4":"has-post-thumbnail","6":"product_cat-off-road-kacige","7":"pa_dodaci-sunc-nao","8":"pa_dodaci-pinlock","9":"pa_dodaci-pripre-nao","10":"pa_dodaci-refl-traka","11":"pa_dodaci-hitno-otpustanje","12":"pa_dodaci-stit-vrat","13":"pa_dodaci-usmerivac","14":"pa_dodaci-zavesica","15":"pa_kopca-dupla-d","16":"pa_mat-kpa","17":"pa_unutra-antibakterijska","18":"pa_unutra-hiperalergenska","19":"pa_unutra-vadiva","20":"pa_vel-l","21":"pa_vel-m","23":"first","24":"instock","25":"shipping-taxable","26":"purchasable","27":"product-type-simple"},"brands":[],"_links":{"self":[{"href":"https:\/\/markos.rs\/index.php\/wp-json\/wp\/v2\/product\/4221","targetHints":{"allow":["GET"]}}],"collection":[{"href":"https:\/\/markos.rs\/index.php\/wp-json\/wp\/v2\/product"}],"about":[{"href":"https:\/\/markos.rs\/index.php\/wp-json\/wp\/v2\/types\/product"}],"wp:featuredmedia":[{"embeddable":true,"href":"https:\/\/markos.rs\/index.php\/wp-json\/wp\/v2\/media\/4222"}],"wp:attachment":[{"href":"https:\/\/markos.rs\/index.php\/wp-json\/wp\/v2\/media?parent=4221"}],"wp:term":[{"taxonomy":"pwb-brand","embeddable":true,"href":"https:\/\/markos.rs\/index.php\/wp-json\/wp\/v2\/pwb-brand?post=4221"},{"taxonomy":"product_brand","embeddable":true,"href":"https:\/\/markos.rs\/index.php\/wp-json\/wp\/v2\/product_brand?post=4221"},{"taxonomy":"product_cat","embeddable":true,"href":"https:\/\/markos.rs\/index.php\/wp-json\/wp\/v2\/product_cat?post=4221"},{"taxonomy":"product_tag","embeddable":true,"href":"https:\/\/markos.rs\/index.php\/wp-json\/wp\/v2\/product_tag?post=4221"}],"curies":[{"name":"wp","href":"https:\/\/api.w.org\/{rel}","templated":true}]}}