{"id":4473,"date":"2021-11-05T16:50:40","date_gmt":"2021-11-05T16:50:40","guid":{"rendered":"https:\/\/markos.rs\/?post_type=product&#038;p=4473"},"modified":"2021-11-05T16:50:41","modified_gmt":"2021-11-05T16:50:41","slug":"kaciga-ls2-ff320-stream-evo-pasly","status":"publish","type":"product","link":"https:\/\/markos.rs\/index.php\/product\/kaciga-ls2-ff320-stream-evo-pasly\/","title":{"rendered":"Kaciga LS2 FF320 Stream Evo Pasly"},"content":{"rendered":"","protected":false},"excerpt":{"rendered":"<div class=\"woocommerce-product-details__short-description\">\n<p>Stream Evo je savr\u0161ena kaciga za sve gradske motore i skutere. \u010cak i kada po\u017eelite da iza\u0111ete iz grada i dodate gas, Stream vas ne\u0107e razo\u010darati. Visok nivo udobnosti i sigurnosti, u kombinaciji sa odli\u010dnim vizirom, ispuni\u0107e sve va\u0161e zahteve.<\/p>\n<\/div>\n","protected":false},"featured_media":4474,"template":"","meta":{"slim_seo":[]},"pwb-brand":[],"product_brand":[],"product_cat":[329],"product_tag":[],"class_list":{"0":"post-4473","1":"product","2":"type-product","3":"status-publish","4":"has-post-thumbnail","6":"product_cat-full-face","7":"pa_dodaci-sunc-nao","8":"pa_dodaci-priprema-pinlock","9":"pa_dodaci-refl-traka","10":"pa_dodaci-usmerivac","11":"pa_dodaci-zavesica","12":"pa_kopca-brza","13":"pa_mat-hptt","14":"pa_unutra-antibakterijska","15":"pa_unutra-hiperalergenska","16":"pa_unutra-vadiva","17":"pa_vel-l","18":"pa_vel-m","20":"first","21":"instock","22":"shipping-taxable","23":"purchasable","24":"product-type-variable"},"brands":[],"_links":{"self":[{"href":"https:\/\/markos.rs\/index.php\/wp-json\/wp\/v2\/product\/4473","targetHints":{"allow":["GET"]}}],"collection":[{"href":"https:\/\/markos.rs\/index.php\/wp-json\/wp\/v2\/product"}],"about":[{"href":"https:\/\/markos.rs\/index.php\/wp-json\/wp\/v2\/types\/product"}],"wp:featuredmedia":[{"embeddable":true,"href":"https:\/\/markos.rs\/index.php\/wp-json\/wp\/v2\/media\/4474"}],"wp:attachment":[{"href":"https:\/\/markos.rs\/index.php\/wp-json\/wp\/v2\/media?parent=4473"}],"wp:term":[{"taxonomy":"pwb-brand","embeddable":true,"href":"https:\/\/markos.rs\/index.php\/wp-json\/wp\/v2\/pwb-brand?post=4473"},{"taxonomy":"product_brand","embeddable":true,"href":"https:\/\/markos.rs\/index.php\/wp-json\/wp\/v2\/product_brand?post=4473"},{"taxonomy":"product_cat","embeddable":true,"href":"https:\/\/markos.rs\/index.php\/wp-json\/wp\/v2\/product_cat?post=4473"},{"taxonomy":"product_tag","embeddable":true,"href":"https:\/\/markos.rs\/index.php\/wp-json\/wp\/v2\/product_tag?post=4473"}],"curies":[{"name":"wp","href":"https:\/\/api.w.org\/{rel}","templated":true}]}}